{"id":808,"date":"2021-12-28T15:33:50","date_gmt":"2021-12-28T14:33:50","guid":{"rendered":"https:\/\/cvhm.fr\/wdprs\/?page_id=808"},"modified":"2026-01-21T18:19:08","modified_gmt":"2026-01-21T17:19:08","slug":"escalade-en-salle","status":"publish","type":"page","link":"https:\/\/cvhm.fr\/wdprs\/escalade-en-salle\/","title":{"rendered":"Escalade en salle"},"content":{"rendered":"<p>Moyen de s\u2019entra\u00eener pour les uns, activit\u00e9 en soi pour les autres, l&#8217;escalade en salle est d\u00e9sormais incontournable.<br \/>Le CVHM dispose de larges cr\u00e9neaux permettant de s&#8217;exprimer sur un mur d&#8217;excellente qualit\u00e9 \u00e0 la <strong>Halle sportive de Saint Romain En Gal<\/strong> (48 Grande Rue de la Plaine, 69560 Saint-Romain-en-Gal). Cette salle est g\u00e9r\u00e9e par Vienne-Condrieu-agglomeration.<\/p>\n<p><img fetchpriority=\"high\" decoding=\"async\" src=\"https:\/\/cvhm.fr\/wdprs\/wp-content\/uploads\/2023\/02\/mur-300x225.jpg\" alt=\"\" width=\"555\" height=\"416\" \/><\/p>\n<p>Les cr\u00e9neaux CVHM sont :<\/p>\n<ul>\n<li>\n<ul>\n<li>Mardi 20-22h<\/li>\n<li>Mercredi 18-22h \u2013 Accueil handicap\u00e9s encadr\u00e9 19h00-20h30<\/li>\n<li>Jeudi 18h-20h \u2013 R\u00e9serv\u00e9 au groupe jeune<\/li>\n<li>Vendredi 18-22h<\/li>\n<li>Samedi 14-18h<\/li>\n<\/ul>\n<\/li>\n<\/ul>\n<p>L&#8217;<strong>acc\u00e8s est libre<\/strong> dans ces cr\u00e9neaux horaires et <strong>sans r\u00e9servation<\/strong> : il est fait appel au bon sens pour \u00e9viter les saturations et g\u00e9rer au mieux celles-ci.<br \/><strong>La pratique est r\u00e9alis\u00e9e en autonomie, apr\u00e8s une formation puis une v\u00e9rification de comp\u00e9tence<\/strong> (voir r\u00e8glement int\u00e9rieur ci-dessous)<strong>.<\/strong><\/p>\n<p><strong>L&#8217;activit\u00e9 est soumise au calendrier scolaire<\/strong>, c&#8217;est \u00e0 dire que la salle est ferm\u00e9e durant les cong\u00e9s scolaires, sauf exception.<\/p>\n<p>Des <strong>r\u00e9f\u00e9rents<\/strong> du club sont en charge du bon d\u00e9roulement de la s\u00e9ance\u00a0 :\u00a0 ouverture\/fermeture, interface avec le personnel de la Hall sportive, accueil des nouveaux , inscriptions, pr\u00eat du mat\u00e9riel et prise en charge des d\u00e9butants.<br \/>Les r\u00e9f\u00e9rents de s\u00e9ance sont identifi\u00e9s via le trombinoscope.<\/p>\n<p>Le CVHM participe activement \u00e0 la gestion sportive de ce mur : participation au cahier des charges des \u00e9volutions, r\u00e9-\u00e9quipement p\u00e9riodique des voies &#8230;<\/p>\n<p>Les informations concernant les murs (ouvertures, fermetures, organisation des r\u00e9-\u00e9quipements, topos \u2026 ) sont mises \u00e0 jour sur le site : via la section &#8220;derni\u00e8res informations du club&#8221; ou via la section d\u00e9di\u00e9e du forum.<\/p>\n<h3>La pratique est soumise au strict respect du r\u00e8glement int\u00e9rieur du CVHM :<\/h3>\n<p><a href=\"https:\/\/cvhm.fr\/wdprs\/wp-content\/uploads\/2021\/12\/Reglement_CVHM_2020_08.pdf\" target=\"_blank\" rel=\"noopener\">\u00a0<\/a><\/p>\n<h3>Localisation de la Hall Sportive de Saint Romain En Gal<\/h3>\n<p><style>\/*! elementor - v3.5.2 - 22-12-2021 *\/<br \/>.elementor-widget-google_maps .elementor-widget-container{overflow:hidden}.elementor-widget-google_maps iframe{height:300px}<\/style>\n<\/p>\n<p><iframe title=\"48 Grande Rue de la Plaine, 69560 Saint-Romain-en-Gal\" src=\"https:\/\/maps.google.com\/maps?q=48%20Grande%20Rue%20de%20la%20Plaine%2C%2069560%20Saint-Romain-en-Gal&amp;t=m&amp;z=16&amp;output=embed&amp;iwloc=near\" frameborder=\"0\" marginwidth=\"0\" marginheight=\"0\" scrolling=\"no\" aria-label=\"48 Grande Rue de la Plaine, 69560 Saint-Romain-en-Gal\"><\/iframe><\/p>\n<p>\n\n\n\n<\/p>\n<p>\n\n\n\n<p><a href=\"https:\/\/cvhm.fr\/wdprs\/wp-content\/uploads\/2026\/01\/ST-ROMAIN-1-150126.pdf\" target=\"_blank\" rel=\"noopener\"><br>TOPO Mur de Saint Romain &#8211; 2026 &#8211; partie 1<br><\/a><br><a href=\"https:\/\/cvhm.fr\/wdprs\/wp-content\/uploads\/2026\/01\/ST-ROMAIN-2-150126.pdf\" target=\"_blank\" rel=\"noopener\"><br>TOPO Mur de Saint Romain &#8211; 2026 &#8211; partie 2<br><\/a><\/p>\n<p><a href=\"https:\/\/cvhm.fr\/wdprs\/wp-content\/uploads\/2026\/01\/ST-ROMAIN-3-150126.pdf\">TOPO Mur de Saint Romain &#8211; 2026 &#8211; partie 3<\/a><\/p>\n<p>Et si comme Jean-Louis vous voulez noter et suivre vos croix (voies faites), utilisez son outil :<\/p>\n<ul>\n<li>T\u00e9l\u00e9chargez &#8220;<a href=\"https:\/\/cvhm.fr\/wdprs\/wp-content\/uploads\/2025\/01\/MyTopo2025-V0.pptx\">myTopo 2025<\/a>&#8220;<\/li>\n<li>C&#8217;est un powerpoint<\/li>\n<li>Dessus vous pouvez ajouter un picto de couleur pour vous rappeler vos perfs sur telle ou telle voie<\/li>\n<\/ul>\n<p>Rq : il a fait un petit mode op\u00e9ratoire dans<a href=\"https:\/\/cvhm.fr\/wdprs\/wp-content\/uploads\/2025\/01\/MyTopoTopo_mode-emploi.jpg\"> l&#8217;autre fichier accessible \u00e0 ce lien<\/a><\/p>","protected":false},"excerpt":{"rendered":"<p>Moyen de s\u2019entra\u00eener pour les uns, activit\u00e9 en soi pour les autres, l&#8217;escalade en salle est d\u00e9sormais incontournable.Le CVHM dispose de larges cr\u00e9neaux permettant de s&#8217;exprimer sur un mur d&#8217;excellente [&hellip;]<\/p>\n","protected":false},"author":1,"featured_media":0,"parent":0,"menu_order":0,"comment_status":"closed","ping_status":"closed","template":"","meta":{"_acf_changed":false,"ngg_post_thumbnail":0,"_price":"","_stock":"","_tribe_ticket_header":"","_tribe_default_ticket_provider":"","_tribe_ticket_capacity":"0","_ticket_start_date":"","_ticket_end_date":"","_tribe_ticket_show_description":"","_tribe_ticket_show_not_going":false,"_tribe_ticket_use_global_stock":"","_tribe_ticket_global_stock_level":"","_global_stock_mode":"","_global_stock_cap":"","_tribe_rsvp_for_event":"","_tribe_ticket_going_count":"","_tribe_ticket_not_going_count":"","_tribe_tickets_list":"[]","_tribe_ticket_has_attendee_info_fields":false,"ocean_post_layout":"","ocean_both_sidebars_style":"","ocean_both_sidebars_content_width":0,"ocean_both_sidebars_sidebars_width":0,"ocean_sidebar":"0","ocean_second_sidebar":"0","ocean_disable_margins":"enable","ocean_add_body_class":"","ocean_shortcode_before_top_bar":"","ocean_shortcode_after_top_bar":"","ocean_shortcode_before_header":"","ocean_shortcode_after_header":"","ocean_has_shortcode":"","ocean_shortcode_after_title":"","ocean_shortcode_before_footer_widgets":"","ocean_shortcode_after_footer_widgets":"","ocean_shortcode_before_footer_bottom":"","ocean_shortcode_after_footer_bottom":"","ocean_display_top_bar":"default","ocean_display_header":"default","ocean_header_style":"","ocean_center_header_left_menu":"0","ocean_custom_header_template":"0","ocean_custom_logo":0,"ocean_custom_retina_logo":0,"ocean_custom_logo_max_width":0,"ocean_custom_logo_tablet_max_width":0,"ocean_custom_logo_mobile_max_width":0,"ocean_custom_logo_max_height":0,"ocean_custom_logo_tablet_max_height":0,"ocean_custom_logo_mobile_max_height":0,"ocean_header_custom_menu":"0","ocean_menu_typo_font_family":"0","ocean_menu_typo_font_subset":"","ocean_menu_typo_font_size":0,"ocean_menu_typo_font_size_tablet":0,"ocean_menu_typo_font_size_mobile":0,"ocean_menu_typo_font_size_unit":"px","ocean_menu_typo_font_weight":"","ocean_menu_typo_font_weight_tablet":"","ocean_menu_typo_font_weight_mobile":"","ocean_menu_typo_transform":"","ocean_menu_typo_transform_tablet":"","ocean_menu_typo_transform_mobile":"","ocean_menu_typo_line_height":0,"ocean_menu_typo_line_height_tablet":0,"ocean_menu_typo_line_height_mobile":0,"ocean_menu_typo_line_height_unit":"","ocean_menu_typo_spacing":0,"ocean_menu_typo_spacing_tablet":0,"ocean_menu_typo_spacing_mobile":0,"ocean_menu_typo_spacing_unit":"","ocean_menu_link_color":"","ocean_menu_link_color_hover":"","ocean_menu_link_color_active":"","ocean_menu_link_background":"","ocean_menu_link_hover_background":"","ocean_menu_link_active_background":"","ocean_menu_social_links_bg":"","ocean_menu_social_hover_links_bg":"","ocean_menu_social_links_color":"","ocean_menu_social_hover_links_color":"","ocean_disable_title":"default","ocean_disable_heading":"default","ocean_post_title":"","ocean_post_subheading":"","ocean_post_title_style":"","ocean_post_title_background_color":"","ocean_post_title_background":0,"ocean_post_title_bg_image_position":"","ocean_post_title_bg_image_attachment":"","ocean_post_title_bg_image_repeat":"","ocean_post_title_bg_image_size":"","ocean_post_title_height":0,"ocean_post_title_bg_overlay":0.5,"ocean_post_title_bg_overlay_color":"","ocean_disable_breadcrumbs":"default","ocean_breadcrumbs_color":"","ocean_breadcrumbs_separator_color":"","ocean_breadcrumbs_links_color":"","ocean_breadcrumbs_links_hover_color":"","ocean_display_footer_widgets":"default","ocean_display_footer_bottom":"default","ocean_custom_footer_template":"0","footnotes":""},"class_list":["post-808","page","type-page","status-publish","hentry","entry"],"acf":[],"ticketed":false,"_links":{"self":[{"href":"https:\/\/cvhm.fr\/wdprs\/wp-json\/wp\/v2\/pages\/808","targetHints":{"allow":["GET"]}}],"collection":[{"href":"https:\/\/cvhm.fr\/wdprs\/wp-json\/wp\/v2\/pages"}],"about":[{"href":"https:\/\/cvhm.fr\/wdprs\/wp-json\/wp\/v2\/types\/page"}],"author":[{"embeddable":true,"href":"https:\/\/cvhm.fr\/wdprs\/wp-json\/wp\/v2\/users\/1"}],"replies":[{"embeddable":true,"href":"https:\/\/cvhm.fr\/wdprs\/wp-json\/wp\/v2\/comments?post=808"}],"version-history":[{"count":36,"href":"https:\/\/cvhm.fr\/wdprs\/wp-json\/wp\/v2\/pages\/808\/revisions"}],"predecessor-version":[{"id":18211,"href":"https:\/\/cvhm.fr\/wdprs\/wp-json\/wp\/v2\/pages\/808\/revisions\/18211"}],"wp:attachment":[{"href":"https:\/\/cvhm.fr\/wdprs\/wp-json\/wp\/v2\/media?parent=808"}],"curies":[{"name":"wp","href":"https:\/\/api.w.org\/{rel}","templated":true}]}}